 is divided by k?
3
Suppose -4*r - 20 = 0, -2 = 2*w + 4*r + 2. Calculate the remainder when 15 is divided by w.
7
Suppose 3*a + 4*l - 18 = 5, -5*l = -5*a + 15. What is the remainder when a is divided by 3?
2
Suppose 8 - 2 = -3*r. Let t(s) = -7*s. Calculate the remainder when 41 is divided by t(r).
13
Suppose -33 = -k - 5*s + 16, 0 = 4*k + 2*s - 214. Suppose -h = 5*m - 29, -2*h - 2*m + 55 = 13. Calculate the remainder when k is divided by h.
16
Let t = -5 - -9. Suppose 5*o - 64 = -2*w, -50 - 20 = -5*o - 5*w. What is the remainder when -2 + (-3)/(-3) + o is divided by t?
3
Let h(d) = -4*d + 2. What is the remainder when h(-5) is divided by (0 + 0 - (-8)/16)*16?
6
Let a(f) = -f**2 - 6*f + 10. Let i be (-2)/(-2) + -6 + -2. Calculate the remainder when a(i) is divided by 2.
1
Let g = 33 + -6. What is the remainder when 50 is divided by g?
23
Suppose -142 = -6*m + m - k, 131 = 4*m - 5*k. Suppose -23*q = 11*q - 1938. What is the remainder when q is divided by m?
28
Suppose 3*y + 72 = 6*y. Suppose 19 = 3*k + 4*v + 61, v = -4*k - 43. Let a = k + y. Calculate the remainder when 26 is divided by a.
12
Let p be -2 - -13 - (-3 - -3). Let f = p + -5. Let x = 8 - 4. What is the remainder when f is divided by x?
2
Let a = -10 - -13. Let u(r) = r + 4. What is the remainder when u(3) is divided by a?
1
Let b(u) = u + 7 - 5 + 3. Suppose v + 1 = 15. Calculate the remainder when v is divided by b(0).
4
Suppose -8 = 2*k - 4*k. Suppose -9*y = -k*y - 75. What is the remainder when y is divided by 6?
3
Let g = 5 - 2. Let h = 0 - 2. Calculate the remainder when h/(-3 - 10/(-4)) is divided by g.
1
Suppose 2*g + g + 18 = 0. Calculate the remainder when (-106)/(-4) + g/(-12) is divided by 14.
13
Suppose 0 = -2*h - 0 + 4. What is the remainder when 34 is divided by h/(1 - 20/24)?
10
Let g = -238 + 367. What is the remainder when g is divided by 33?
30
Suppose -4 = -2*x + x. Suppose o = -x*o + 10. Suppose 2*n = o*q - 44, 22 = 2*q + 4*n + 2. What is the remainder when 35 is divided by q?
17
Let t = 1 + 4. Suppose z + 22 = -t*a + 2*z, 0 = -5*z - 15. Let c = 1 - a. Calculate the remainder when 10 is divided by c.
4
Let m(f) = -f**2 + 11*f + 27. What is the remainder when 9 is divided by m(13)?
0
Suppose 2*q - 10 = -3*q. Suppose -13 = -q*u + u. Calculate the remainder when 23 is divided by u.
10
Let m = -19 - -33. Calculate the remainder when 27 is divided by (40/m)/(12/42).
7
Suppose -4*x = -2*z + 46, 3*x + x = -12. What is the remainder when z is divided by 4?
1
Let u(z) = 11*z + 2. Calculate the remainder when 137 is divided by u(3).
32
Let i = 32 + 80. Suppose -4*w - i = -3*o, 86 = 3*o + 4*w - 18. Let c = o + -26. What is the remainder when 29 is divided by c?
9
Suppose -3*p = 2*p + 20. What is the remainder when (p + (2 - -1))*-10 is divided by 6?
4
Suppose -6*y + 25 = -y. Suppose -b - 288 = -y*b. Calculate the remainder when b is divided by 25.
22
Calculate the remainder when 37 is divided by (-15)/30 - 41/(-2).
17
Suppose 0 = 4*b + j - 6*j - 48, 4*j = 5*b - 60. Let p be (24/10)/((-9)/(-330)). Suppose 0*m - p = -4*m. Calculate the remainder when m is divided by b.
10
Suppose -2*m = 6, -251 = -6*b + b + 2*m. Calculate the remainder when b is divided by 17.
15
Suppose 51 = -3*d + 5*z + 18, d - z = -9. Calculate the remainder when ((-20)/d - 0)*3 is divided by 3.
1
Suppose 6*a - 2*a = 84. What is the remainder when 103 is divided by a?
19
Let y be 3 - (-1 - (-2 - -2)). Suppose 100 = y*j + 16. What is the remainder when 41 is divided by j?
20
Let p(b) = b**2 + 7*b - 11. Calculate the remainder when p(-9) is divided by 5.
2
Let z = -51 - -56. Calculate the remainder when z is divided by 3.
2
Suppose -39*n + 121 = -425. What is the remainder when 1 + 0 + 75/3 is divided by n?
12
Let b(r) = 6*r - 9. Suppose d = 2*d - 7. Calculate the remainder when b(d) is divided by -2*(-17)/2 - 0.
16
Suppose 87 = k + 2*s, k - 4*s = -k + 198. Calculate the remainder when k is divided by 24.
21
What is the remainder when 125 is divided by (440/(-6))/11*48/(-10)?
29
Let f(n) = n**3 - 7*n**2 + 2*n - 9. Let l be f(7). Suppose 28 = l*t + 3. Suppose -3*y + t*y - 2 = 0. Calculate the remainder when 3 is divided by y.
0
Let s(x) be the first derivative of -x**4/4 - 8*x**3/3 + 4*x**2 + 1. Calculate the remainder when 33 is divided by s(-9).
6
Let p = 57 - 39. Let i = -11 + p. Suppose -3*j = -s - 38, j + 2 = -5*s + 4. What is the remainder when j is divided by i?
5
Let a = 5 + -2. Suppose -a*z = -2*z - 5. Calculate the remainder when 4/2*(-18)/(-4) is divided by z.
4
Let q(p) = 5*p - 9. Let c(w) = 1. Let b(g) = 5*c(g) + q(g). Calculate the remainder when 43 is divided by b(3).
10
Suppose 5*k = -z + 35, 3*k - 6 = -3*z + 15. Calculate the remainder when 15 is divided by k.
1
Let a(i) = -i**3 - 9*i**2 - 10*i - 8. Suppose -3*k = -5*k - 16. What is the remainder when a(k) is divided by 3?
2
Suppose 0*d = -2*d + 6. Calculate the remainder when 11 is divided by d.
2
Suppose 5*p + 34 = 2*h - 0*p, -2*p - 29 = -3*h. Let z(j) = -15*j - 2. Calculate the remainder when z(-1) is divided by h.
6
Suppose -13*f - 2*f = -585. What is the remainder when f is divided by 20?
19
Let z = 31 + -24. Calculate the remainder when z is divided by 5.
2
Let i(o) = 11*o**3 + o - 1. Let u(g) = -g**2 + 14*g + 19. Calculate the remainder when u(13) is divided by i(1).
10
Suppose -k + 4 = -11. What is the remainder when 57 is divided by k?
12
Suppose -5*w = -5, -4*w + 0*w - 40 = -2*z. Let h(l) = -l**2 + l + 4. Let y be h(-5). Let a = -14 - y. What is the remainder when z is divided by a?
10
Let o = 33 - 27. Calculate the remainder when 9 is divided by o.
3
Let d(b) = -8*b**2 + b + 4 + b**3 + 2*b - 4*b + 3. Let s be d(8). What is the remainder when s - -1*11*2 is divided by 11?
10
Let y = -5 + 7. Suppose -y*p - 3*p + 95 = 0. Suppose -2*t = -12 - 8. Calculate the remainder when p is divided by t.
9
Let r = -8 + 36. What is the remainder when r is divided by 8?
4
Suppose 2*b + 28 = 3*b. Suppose 5*y + 45 + 0 = 3*m, -4*m = 4*y - b. Calculate the remainder when 19 is divided by m.
9
Calculate the remainder when (-1)/4 + -3 + (-820)/(-16) is divided by 7.
6
Let n = -75 - -178. Let o = n + -58. Let h(d) = -2*d**3 + 17*d**2 - 2*d - 32. What is the remainder when o is divided by h(8)?
13
Suppose -2*n + 4*i = 8, 0 = -4*n + i + 3*i - 20. Let y = n - -10. Let s = 31 - 21. What is the remainder when s is divided by y?
2
Suppose 0*s + 52 = 2*s. Let d = s + -43. Let f = d - -30. Calculate the remainder when f is divided by 7.
6
Let d(y) = -2*y**2 + 25*y + 6. What is the remainder when d(6) is divided by 22?
18
Suppose w - 291 = -2*w - 5*v, 2*w - 5*v = 169. Calculate the remainder when w is divided by 32.
28
Let j = 7 + -5. Suppose -2*s - j*r + 32 = -s, 152 = 4*s + 2*r. Suppose u - 3*u + 28 = 0. Calculate the remainder when s is divided by u.
12
Let m = 147 + -136. Let r = 7 - 4. What is the remainder when m is divided by r?
2
Suppose 4*g - 2 = 2. Let t be 0/(-2*(g + -2)). Suppose t*d - 2 = -d. Calculate the remainder when 2 is divided by d.
0
Let b(a) = 24*a - 5. Suppose 5*v - 127 = x, 3*v + 33 = 4*v - 4*x. Let k = 40 - v. What is the remainder when b(2) is divided by k?
13
Let s be 0/(-2) - -1 - 87. Suppose 3*d = 2*a + 36, -18 - 39 = -3*d - 5*a. Calculate the remainder when d is divided by s/(-18) + 10/45.
4
Let o = -2 + 8. Suppose 2*v - 1 = 3. Let k = o - v. Calculate the remainder when 10 is divided by k.
2
Suppose -10 = 2*j - 7*j. Suppose j*x - 1 - 15 = -b, 0 = -3*b + 4*x + 58. Calculate the remainder when b is divided by (3 - -1)*10/8.
3
Suppose 4*c - 12 = -4*p, -2*c = p - 7*c - 33. Let k = 34 + -19. What is the remainder when k is divided by p?
7
Suppose 5*q - 5 = -4*d, 2*q + q - 20 = d. Suppose -15 = 4*a - 3, 0 = q*t + 2*a + 1. What is the remainder when t is divided by 1?
0
Suppose 3*s - 3 = -3*i - s, 2*i - 5*s = 2. Let l = 1 + i. Calculate the remainder when 7 is divided by l.
1
Let d = -88 - -40. Let n = d + 77. Let o = -19 - -34. What is the remainder when n is divided by o?
14
Calculate the remainder when (-4)/10 + 1*(-144)/(-10) is divided by 8.
6
Let l = 3 - 5. Calculate the remainder when (-10)/(2/6 + -1) is divided by l/(-3) - (-50)/6.
6
Suppose -36 = -2*m + 2. Calculate the remainder when m is divided by 4.
3
Let n be (-1)/(-2) - (-